et k be z(-3). What is the greatest common factor of 22 and k?
11
Suppose -16 = -g - 13. Let a(q) = -4 + q**2 - 1 + 2. Let m be a(-6). Calculate the greatest common divisor of m and g.
3
Let r be 298*7/84 - 1/(-6). Calculate the greatest common factor of 100 and r.
25
Suppose 0 = -5*y - 20, -2*y - 109 = -4*c + 339. What is the highest common divisor of c and 44?
22
Let q(d) = -4*d - 5 - 2*d - 2. Let g be q(-7). Calculate the greatest common divisor of g and 14.
7
Let x(s) = -3*s - 21. Let i be x(-13). What is the highest common factor of 2 and i?
2
Let n(w) = -8*w - 15. Let b(x) = -7*x - 15. Let l(j) = -7*b(j) + 6*n(j). Let s be l(-7). Calculate the greatest common factor of 12 and s.
4
Suppose -p = -4 - 7. Suppose 0*n - 198 = -2*n. Calculate the greatest common factor of n and p.
11
Let n(w) = -w**3 - 8*w**2 - 9*w - 8. Let p(q) = -q**2 - 6*q + 9. Let t be p(-8). Let u be n(t). Calculate the highest common factor of u and 30.
6
Suppose 3*o + 2*o = 525. Calculate the highest common divisor of 21 and o.
21
Let o = -2 - -3. Let z be 0 - o*142/(-1). Suppose -x + z = 3*y, 5*y - y - 198 = 3*x. What is the highest common factor of 16 and y?
16
Let n(q) = q**3 + 7*q**2 - q - 4. Let w be n(-6). What is the highest common factor of 57 and w?
19
Suppose l - 184 = 8. Calculate the greatest common factor of l and 32.
32
Let m = 101 + -38. Let k(l) = 1 + l - 2 + 0 + 10*l**2 + 0 - l**3. Let q be k(10). Calculate the highest common divisor of q and m.
9
Let o(d) = 5*d**2 - 5*d - 4. Let i be o(4). Calculate the greatest common divisor of 8 and i.
8
Let w = 5 - 2. Suppose 6 + 6 = b + 5*s, 4 = -2*b + 4*s. Suppose 0 = -w*a - b*n + 220, -4*n + 235 = 3*a + n. Calculate the greatest common factor of 14 and a.
14
Suppose u = r + 6 + 8, -56 = -4*u - 3*r. Let f be 472/u - 4/(-14). Let p = -46 - -97. Calculate the greatest common divisor of f and p.
17
Let x(s) = -s**3 + 3*s**2 + 4. Let l(i) = -i - 3. Let a be l(-6). Let k be x(a). Suppose 0 = -2*v + k + 18. Calculate the highest common factor of v and 44.
11
Let w(s) = -7*s + 12. Let c be w(-4). What is the greatest common factor of c and 100?
20
Let a(q) = 34*q**2 + q. Let l be a(1). Suppose -5*b - i = 43, 6*i - 2*i = 3*b + l. Let x be ((-1 - 1) + 1)*b. What is the greatest common factor of 90 and x?
9
Let b = -111 - -116. What is the highest common factor of 30 and b?
5
Let y be 20/6 - (-2)/3. Suppose -4*j + 41 + 31 = 0. Suppose y*q - j = q. Calculate the highest common divisor of q and 12.
6
Suppose 3*c + 2*u = -324, 0 = -4*c - u - 2*u - 432. Let z = -52 - c. Calculate the greatest common divisor of 14 and z.
14
Suppose -2*o = 3*t - 118, 4*t - o + 4*o = 158. Let j = t - 23. Let g be 17/5 - (-2)/(-5). Calculate the greatest common divisor of g and j.
3
Let i(p) = -4 + 3 - p + 0. Let c be i(-5). Calculate the highest common factor of c and 6.
2
Let k = 260 - 29. What is the greatest common divisor of k and 21?
21
Let m(a) = -a**3 - 7*a**2 + 2*a + 10. Let o be m(-7). Let b be 13 - (12/o - -6). Calculate the greatest common divisor of b and 70.
10
Suppose -2*p = -15 - 29. Suppose 0*m + 2*m = -c + 175, -5*c - 5 = 0. Calculate the greatest common factor of m and p.
22
Let i(r) = -13*r + 1. Let s be i(-3). Suppose o + s = -3*o. Let w be -45*1*4/o. Calculate the greatest common divisor of 2 and w.
2
Let n(t) = t + 6. Let m be n(-8). Let z = m + 5. Let l = -1 + z. What is the greatest common divisor of 18 and l?
2
Let l(g) = g**2 - 7. Let o be l(9). What is the highest common factor of 185 and o?
37
Let a be 54/(-15)*15/(-6). Calculate the highest common divisor of a and 72.
9
Suppose 0 = a + 2*a + 9. Let k be -1*a/(3/5). What is the greatest common factor of k and 5?
5
Suppose 0 = -2*n - 2*t + 40, 0 = 2*t - 3*t. Calculate the highest common divisor of n and 20.
20
Let y = -80 + 124. What is the greatest common divisor of y and 4?
4
Let f(h) = h**2 - 7*h - 3. Let y be f(8). Suppose -2*u + 21 + 19 = 0. Suppose -u = i - 55. What is the highest common divisor of i and y?
5
Suppose -16 = 5*v - 4*m, -2*v - m - 8 = -3*m. Suppose -2*z - 240 = -v*z. Let q = -81 - z. Calculate the greatest common divisor of q and 13.
13
Suppose -6*k + 4 = -4*k. Calculate the greatest common factor of 16 and k.
2
Suppose -3*o + 32 = -7*o. Let a(t) = -17*t - 10. Let l be a(o). What is the highest common divisor of 14 and l?
14
Suppose 3 - 39 = -2*l. Let g(s) = -s**2 + 6. Let m be g(0). Let y be (24/(-14))/(m/(-63)). What is the greatest common factor of l and y?
18
Let n(f) = f**3 - 8*f**2 + 3*f - 8. Let b be -1 + 2 + -2 + 9. Let y be n(b). What is the highest common factor of 80 and y?
16
Let t be 40 + 8 - (0 + -2). Calculate the greatest common divisor of t and 25.
25
Suppose 4*i - 2*f = 86, 4*f = -15 + 3. Calculate the greatest common divisor of i and 60.
20
Suppose 23 = 4*h - 25. Suppose 6*a = 14*a - 768. Calculate the greatest common factor of h and a.
12
Suppose 5*s - 19 = -3*a, -4*a + 2*s + 10 = -3*a. Suppose 3*p - 196 = -2*x, -4*p - 3*x = -3*p - 70. Calculate the highest common factor of p and a.
8
Let y = -26 - -40. Let k(z) = 8*z - 2. Let h(u) = -u + 9. Let a be h(7). Let j be k(a). Calculate the highest common divisor of y and j.
14
Let y(u) = 10*u**2 - u - 1. Let t be y(-1). Suppose -6*j = -j - t. Calculate the highest common factor of 14 and j.
2
Let n = -127 + 270. Let h(j) = -5*j**2 - 7*j - 9. Let a be h(-8). Let y be a/14*4/(-6). Calculate the greatest common divisor of y and n.
13
Suppose 0 = -9*c + 5*c + 112. Calculate the greatest common factor of c and 8.
4
Suppose -q + 2*f = 178, 3*q - 181 = 4*q - 3*f. Let x = q + 257. Let j = 33 + -16. Calculate the highest common divisor of x and j.
17
Let o = 12 - -9. Suppose 0 = 2*b - b - o. What is the greatest common divisor of b and 7?
7
Let x be (-79)/(-7) + 0 - 38/133. Calculate the highest common factor of 22 and x.
11
Let i be -3*((6 - 7) + 1/(-3)). What is the highest common factor of i and 1?
1
Let b(x) = 4*x**2 + 5*x. Let c(o) = -o. Let v(q) = b(q) + 6*c(q). Let u be v(2). Let m be 8/(-20) + 144/10. Calculate the greatest common factor of m and u.
14
Let l(d) be the second derivative of 35*d**3/6 + 5*d**2 - 3*d. Let v be l(6). Calculate the greatest common divisor of 20 and v.
20
Let z(q) = -11*q + 7. Let s be z(5). Let b = -27 - s. What is the highest common factor of 21 and b?
21
Suppose 0 = -v + 4*p - p - 5, -5*v + 3*p + 23 = 0. Calculate the highest common divisor of 14 and v.
7
Let w be 6/(1 + -1 + 2). Suppose w*g = 3, g + 3*g + 412 = 4*i. What is the greatest common divisor of i and 13?
13
Suppose -14 - 2 = -n. Suppose 3*b - b - n = 0. Let g(s) = 3*s - 12. Let w be g(b). What is the highest common factor of 4 and w?
4
Let n be ((-12)/(-10))/(8/140). Calculate the highest common factor of 147 and n.
21
Let u be 1 + -3 + 3 - -8. Suppose -27 = -12*s + u*s. Let z be 3/s - (-41)/3. What is the greatest common factor of z and 98?
14
Let a be (-40)/(2/(-8)*2). Suppose -20*o + 118 + 82 = 0. What is the highest common factor of a and o?
10
Suppose 0 = 25*l - 29*l + 4. What is the greatest common divisor of l and 5?
1
Suppose -20*r + 19*r + 28 = 0. What is the highest common divisor of r and 7?
7
Suppose -3*t + 5*f + 41 = -19, -f + 53 = 2*t. Let g be 160/t*(-10)/(-4). What is the greatest common factor of 4 and g?
4
Suppose -2*z + l + 92 = -0*z, -3*l + 12 = 0. What is the highest common factor of 144 and z?
48
Suppose -266 = -12*g - 2*g. What is the highest common divisor of g and 171?
19
Let g be ((-297)/15)/((-3)/20). Suppose -5*i = -10*i + 60. What is the highest common divisor of g and i?
12
Let q(h) = -7*h - 2 - h**2 + 7 - 1. Let s be q(-7). Let c be 5*-2*(-1 + 0). What is the greatest common factor of c and s?
2
Suppose 0*i - 3*i = -4*v - 92, 4*v - 4 = 0. Let s = 16 - 12. Calculate the greatest common divisor of i and s.
4
Let v be 28/21*(-102)/(-4). Calculate the highest common factor of 2 and v.
2
Suppose 4*g = 2*f - 7*f - 27, 4*g = -f + 1. Let x(j) = -j**3 - 6*j**2 + 4*j + 3. Let y be x(f). What is the greatest common factor of y and 6?
6
Let x be ((-1)/(-2))/((-6)/(-24)). Suppose 10 = 3*i - 5. Suppose -4 = 4*o - 4*s, x*o - i*s + 12 = 1. Calculate the highest common factor of 1 and o.
1
Let h = -13 + 23. Suppose -4 = j - h. What is the greatest common divisor of j and 48?
6
